{"id":73,"date":"2015-08-29T14:17:43","date_gmt":"2015-08-29T12:17:43","guid":{"rendered":"http:\/\/lawood.sk\/new\/?page_id=73"},"modified":"2016-02-02T20:21:05","modified_gmt":"2016-02-02T19:21:05","slug":"kontakt","status":"publish","type":"page","link":"https:\/\/lawood.sk\/new\/kontakt\/","title":{"rendered":"Kontakt"},"content":{"rendered":"<div class=\"wpb_row wf-container\" style=\"margin-top: 0px;margin-bottom: 0px\" >\n\t<div class=\"wf-cell wf-span-12 wpb_column column_container \">\n\t\t\t\n\t<div class=\"wpb_text_column wpb_content_element \">\n\t\t<div class=\"wpb_wrapper\">\n\t\t\t\n<h2>L. A. WOOD<\/h2>\n<p>Ladislav Jacko<br \/>\nT. Vansovej 8,\u00a0940 01 Nov\u00e9 Z\u00e1mky<br \/>\ntel.: 0905 896 470<br \/>\n<strong>prev\u00e1dzka:<\/strong><br \/>\nPri skladoch 3,\u00a0940 01 Nov\u00e9 Z\u00e1mky\n\t\t<\/div> \n\t<\/div>\n<div class=\"gap\" style=\"line-height: 20px; height: 20px;\"><\/div>\n<div class=\"hr-thin style-line\" style=\"width: 90%;\"><\/div>\n\t<\/div> \n<\/div><div class=\"wpb_row wf-container\" style=\"margin-top: 0px;margin-bottom: 0px\" >\n\t<div class=\"wf-cell wf-span-12 wpb_column column_container \">\n\t\t\t\n<div class=\"gap\" style=\"line-height: 20px; height: 20px;\"><\/div>\n<div class=\"wpb_gmaps_widget wpb_content_element vc_map_responsive\">\n\t<h2 class=\"wpb_heading wpb_map_heading\">Kde n\u00e1s n\u00e1jdete<\/h2>\t<div class=\"wpb_wrapper\">\n\t\t<div class=\"wpb_map_wraper\">\n\t\t\t<iframe src=\"https:\/\/www.google.com\/maps\/embed?pb=!1m18!1m12!1m3!1d2670.620419484459!2d18.181428!3d47.982396!2m3!1f0!2f0!3f0!3m2!1i1024!2i768!4f13.1!3m3!1m2!1s0x476b015ac508bcc5%3A0x82eea79b1278e80a!2sL.+A.+Wood!5e0!3m2!1sen!2sus!4v1440598948316\" width=\"450\" height=\"300\" frameborder=\"0\" style=\"border:0\" allowfullscreen><\/iframe>\t\t<\/div>\n\t<\/div><\/div>\n<div class=\"gap\" style=\"line-height: 20px; height: 20px;\"><\/div>\n<div class=\"hr-thin style-line\" style=\"width: 90%;\"><\/div>\n\t<\/div> \n<\/div><div class=\"wpb_row wf-container\" style=\"margin-top: 0px;margin-bottom: 0px\" >\n\t<div class=\"wf-cell wf-span-12 wpb_column column_container \">\n\t\t\t\n<div class=\"gap\" style=\"line-height: 20px; height: 20px;\"><\/div>\n\n\t<div class=\"wpb_text_column wpb_content_element \">\n\t\t<div class=\"wpb_wrapper\">\n\t\t\t\n<h2>Nap\u00ed\u0161te n\u00e1m spr\u00e1vu<\/h2>\n\n\t\t<\/div> \n\t<\/div> \n<div class=\"gap\" style=\"line-height: 20px; height: 20px;\"><\/div>\n<div class=\"wpcf7 no-js\" id=\"wpcf7-f22-o1\" lang=\"sk-SK\" dir=\"ltr\">\n<div class=\"screen-reader-response\"><p role=\"status\" aria-live=\"polite\" aria-atomic=\"true\"><\/p> <ul><\/ul><\/div>\n<form action=\"\/new\/wp-json\/wp\/v2\/pages\/73#wpcf7-f22-o1\" method=\"post\" class=\"wpcf7-form init\" aria-label=\"Contact form\" novalidate=\"novalidate\" data-status=\"init\">\n<div style=\"display: none;\">\n<input type=\"hidden\" name=\"_wpcf7\" value=\"22\" \/>\n<input type=\"hidden\" name=\"_wpcf7_version\" value=\"5.7.7\" \/>\n<input type=\"hidden\" name=\"_wpcf7_locale\" value=\"sk_SK\" \/>\n<input type=\"hidden\" name=\"_wpcf7_unit_tag\" value=\"wpcf7-f22-o1\" \/>\n<input type=\"hidden\" name=\"_wpcf7_container_post\" value=\"0\" \/>\n<input type=\"hidden\" name=\"_wpcf7_posted_data_hash\" value=\"\" \/>\n<\/div>\n<p>Meno (povinn\u00e9)\n<\/p>\n<p><span class=\"wpcf7-form-control-wrap\" data-name=\"your-name\"><input size=\"40\" class=\"wpcf7-form-control wpcf7-text wpcf7-validates-as-required\" aria-required=\"true\" aria-invalid=\"false\" value=\"\" type=\"text\" name=\"your-name\" \/><\/span>\n<\/p>\n<p>E-mail (povinn\u00e9)\n<\/p>\n<p><span class=\"wpcf7-form-control-wrap\" data-name=\"your-email\"><input size=\"40\" class=\"wpcf7-form-control wpcf7-text wpcf7-email wpcf7-validates-as-required wpcf7-validates-as-email\" aria-required=\"true\" aria-invalid=\"false\" value=\"\" type=\"email\" name=\"your-email\" \/><\/span>\n<\/p>\n<p>Spr\u00e1va\n<\/p>\n<p><span class=\"wpcf7-form-control-wrap\" data-name=\"your-message\"><textarea cols=\"40\" rows=\"10\" class=\"wpcf7-form-control wpcf7-textarea\" aria-invalid=\"false\" name=\"your-message\"><\/textarea><\/span>\n<\/p>\n<p><input class=\"wpcf7-form-control has-spinner wpcf7-submit\" type=\"submit\" value=\"Odosla\u0165\" \/>\n<\/p><div class=\"wpcf7-response-output\" aria-hidden=\"true\"><\/div>\n<\/form>\n<\/div>\n\n\t<\/div> \n<\/div>\n","protected":false},"excerpt":{"rendered":"L. A. WOOD Ladislav Jacko T. Vansovej 8,\u00a0940 01 Nov\u00e9 Z\u00e1mky tel.: 0905 896 470 prev\u00e1dzka: Pri skladoch 3,\u00a0940 01 Nov\u00e9 Z\u00e1mky Kde n\u00e1s n\u00e1jdete Nap\u00ed\u0161te n\u00e1m spr\u00e1vu Meno (povinn\u00e9) E-mail (povinn\u00e9) Spr\u00e1va","protected":false},"author":1,"featured_media":0,"parent":0,"menu_order":0,"comment_status":"closed","ping_status":"closed","template":"","meta":[],"_links":{"self":[{"href":"https:\/\/lawood.sk\/new\/wp-json\/wp\/v2\/pages\/73"}],"collection":[{"href":"https:\/\/lawood.sk\/new\/wp-json\/wp\/v2\/pages"}],"about":[{"href":"https:\/\/lawood.sk\/new\/wp-json\/wp\/v2\/types\/page"}],"author":[{"embeddable":true,"href":"https:\/\/lawood.sk\/new\/wp-json\/wp\/v2\/users\/1"}],"replies":[{"embeddable":true,"href":"https:\/\/lawood.sk\/new\/wp-json\/wp\/v2\/comments?post=73"}],"version-history":[{"count":18,"href":"https:\/\/lawood.sk\/new\/wp-json\/wp\/v2\/pages\/73\/revisions"}],"predecessor-version":[{"id":291,"href":"https:\/\/lawood.sk\/new\/wp-json\/wp\/v2\/pages\/73\/revisions\/291"}],"wp:attachment":[{"href":"https:\/\/lawood.sk\/new\/wp-json\/wp\/v2\/media?parent=73"}],"curies":[{"name":"wp","href":"https:\/\/api.w.org\/{rel}","templated":true}]}}