{"id":9,"date":"2015-08-29T07:42:25","date_gmt":"2015-08-29T07:42:25","guid":{"rendered":"http:\/\/lawood.sk\/new\/?page_id=9"},"modified":"2015-09-04T07:57:58","modified_gmt":"2015-09-04T05:57:58","slug":"9-2","status":"publish","type":"page","link":"https:\/\/lawood.sk\/new\/9-2\/","title":{"rendered":"Podpora"},"content":{"rendered":"<div class=\"wpb_row wf-container\" style=\"margin-top: 0px;margin-bottom: 0px\" >\n\t<div class=\"wf-cell wf-span-4 wpb_column column_container \">\n\t\t\t\n\t<div class=\"wpb_single_image wpb_content_element vc_align_center\">\n\t\t<div class=\"wpb_wrapper\">\n\t\t\t\n\t\t\t\n\t\t<\/div> \n\t<\/div> \n\t<\/div> \n\n\t<div class=\"wf-cell wf-span-4 wpb_column column_container \">\n\t\t\t\n\t<div class=\"wpb_single_image wpb_content_element vc_align_center\">\n\t\t<div class=\"wpb_wrapper\">\n\t\t\t\n\t\t\t\n\t\t<\/div> \n\t<\/div> \n\t<\/div> \n\n\t<div class=\"wf-cell wf-span-4 wpb_column column_container \">\n\t\t\t\n\t<div class=\"wpb_single_image wpb_content_element vc_align_center\">\n\t\t<div class=\"wpb_wrapper\">\n\t\t\t\n\t\t\t\n\t\t<\/div> \n\t<\/div> \n\t<\/div> \n<\/div><div class=\"wpb_row wf-container\" style=\"margin-top: 0px;margin-bottom: 0px\" >\n\t<div class=\"wf-cell wf-span-12 wpb_column column_container \">\n\t\t\t\n<div class=\"gap\" style=\"line-height: 40px; height: 40px;\"><\/div>\n<h4 class=\"wpb_toggle dt-style\">Pre\u010do si vybra\u0165 n\u00e1bytok od L.A.WOOD?<\/h4><div class=\"wpb_toggle_content dt-style\">\n<p>Na\u0161a spolo\u010dnos\u0165 sa nezaober\u00e1 v\u00fdrobou typizovan\u00e9ho n\u00e1bytku, pre n\u00e1s je ka\u017ed\u00fd z\u00e1kazn\u00edk osobit\u00fd a ka\u017ed\u00fd n\u00e1bytok unik\u00e1tny. N\u00e1\u0161 pr\u00edstup ocenili stovky na\u0161ich spokojn\u00fdch z\u00e1kazn\u00edkov.<\/p>\n<\/div>\n\n<div class=\"gap\" style=\"line-height: 10px; height: 10px;\"><\/div>\n<h4 class=\"wpb_toggle dt-style\">Ak\u00fd je proces v\u00fdroby?<\/h4><div class=\"wpb_toggle_content dt-style\">Nav\u0161t\u00edvime V\u00e1s vo Va\u0161om domove, porad\u00edme, zameriame, vypracujeme 3D n\u00e1vrh. N\u00e1sledne prebehne v\u00fdroba a samozrejme mont\u00e1\u017e n\u00e1bytku.<\/p>\n<p>&nbsp;<\/p>\n<p><img decoding=\"async\" loading=\"lazy\" class=\"aligncenter wp-image-112 size-full\" src=\"https:\/\/lawood.sk\/new\/wp-content\/uploads\/detska_izba_3D.png\" alt=\"Vizualiz\u00e1cia -&gt; Realiz\u00e1cia\" width=\"580\" height=\"151\" \/><\/div>\n\n<div class=\"gap\" style=\"line-height: 20px; height: 20px;\"><\/div>\n<h4 class=\"wpb_toggle dt-style\">Ak\u00e9 materi\u00e1ly pou\u017e\u00edvate na v\u00fdrobu n\u00e1bytku?<\/h4><div class=\"wpb_toggle_content dt-style\">\n<p>Materi\u00e1l n\u00e1bytku je v ka\u017edom pr\u00edpade individu\u00e1lne posudzovan\u00fd pod\u013ea po\u017eiadaviek z\u00e1kazn\u00edka. Vyr\u00e1bame z mas\u00edvu, z MDF, je mo\u017en\u00e9 striekan\u00e9 farebn\u00e9 prevedenie, zrkadlov\u00fd lesk&#8230; Na pracovn\u00e9 dosky kuch\u00fd\u0148 V\u00e1m pon\u00fakneme pr\u00edrodn\u00fd kame\u0148 alebo Corian, Zodiac, drezy firiem Blanco, Franke a Telma..<\/p>\n<\/div>\n\n<div class=\"gap\" style=\"line-height: 20px; height: 20px;\"><\/div>\n<h4 class=\"wpb_toggle dt-style\">Ak\u00e9 kovania pou\u017e\u00edvate pri v\u00fdrobe kuch\u00fd\u0148?<\/h4><div class=\"wpb_toggle_content dt-style\">\n<p>Pou\u017eit\u00e9 materi\u00e1ly pri v\u00fdrobe predur\u010duj\u00fa \u017eivotnos\u0165 ka\u017ed\u00e9ho n\u00e1bytku. Na\u0161im cie\u013eom je Va\u0161a dlhoro\u010dn\u00e1 spokojnos\u0165 s n\u00e1bytkom, preto pou\u017e\u00edvame kovania firiem Hettich a Blum.<\/p>\n<\/div>\n\n\t<\/div> \n<\/div>\n","protected":false},"excerpt":{"rendered":"Pre\u010do si vybra\u0165 n\u00e1bytok od L.A.WOOD? Na\u0161a spolo\u010dnos\u0165 sa nezaober\u00e1 v\u00fdrobou typizovan\u00e9ho n\u00e1bytku, pre n\u00e1s je ka\u017ed\u00fd z\u00e1kazn\u00edk osobit\u00fd a ka\u017ed\u00fd n\u00e1bytok unik\u00e1tny. N\u00e1\u0161 pr\u00edstup ocenili stovky na\u0161ich spokojn\u00fdch z\u00e1kazn\u00edkov. Ak\u00fd je proces v\u00fdroby?Nav\u0161t\u00edvime V\u00e1s vo Va\u0161om domove, porad\u00edme, zameriame, vypracujeme 3D n\u00e1vrh. N\u00e1sledne prebehne v\u00fdroba a samozrejme mont\u00e1\u017e n\u00e1bytku. &nbsp; Ak\u00e9 materi\u00e1ly pou\u017e\u00edvate na&hellip;","protected":false},"author":1,"featured_media":0,"parent":0,"menu_order":0,"comment_status":"closed","ping_status":"closed","template":"","meta":[],"_links":{"self":[{"href":"https:\/\/lawood.sk\/new\/wp-json\/wp\/v2\/pages\/9"}],"collection":[{"href":"https:\/\/lawood.sk\/new\/wp-json\/wp\/v2\/pages"}],"about":[{"href":"https:\/\/lawood.sk\/new\/wp-json\/wp\/v2\/types\/page"}],"author":[{"embeddable":true,"href":"https:\/\/lawood.sk\/new\/wp-json\/wp\/v2\/users\/1"}],"replies":[{"embeddable":true,"href":"https:\/\/lawood.sk\/new\/wp-json\/wp\/v2\/comments?post=9"}],"version-history":[{"count":11,"href":"https:\/\/lawood.sk\/new\/wp-json\/wp\/v2\/pages\/9\/revisions"}],"predecessor-version":[{"id":122,"href":"https:\/\/lawood.sk\/new\/wp-json\/wp\/v2\/pages\/9\/revisions\/122"}],"wp:attachment":[{"href":"https:\/\/lawood.sk\/new\/wp-json\/wp\/v2\/media?parent=9"}],"curies":[{"name":"wp","href":"https:\/\/api.w.org\/{rel}","templated":true}]}}